What is the remainder when 47 is divided by m?
7
Suppose 0 = -7*j + 6*j + 18. What is the remainder when 67 is divided by j?
13
Let f = -648 + 647. Let q be (6/4)/(2/4). Let d = f + q. Calculate the remainder when 9 is divided by d.
1
Suppose -v + 107 = j, -2*j = 8*v - 4*v - 422. What is the remainder when v is divided by 33?
5
Let x(m) = -m**3 - 5*m**2 - 3*m. Let s be x(-2). Let p = 49 - s. Suppose -4*t = -0*t - 56. What is the remainder when p is divided by t?
13
Let j(g) = g + 9. Suppose z - 13 = -z - q, 2*z - 19 = -3*q. Let x be j(z). Let d = x - 10. Calculate the remainder when 9 is divided by d.
1
Let c(o) = -2*o**2 + 12*o - 7. Let t be (-2 - -10) + 12/(-4). What is the remainder when 7 is divided by c(t)?
1
Let a = 112 - 62. Let z(m) = -2*m - 1. Let p be z(1). Let y(c) = -c**3 - 2*c**2 - c + 1. Calculate the remainder when a is divided by y(p).
11
Let u be 42 - (2 - 2)*1/3. What is the remainder when 67 is divided by 0 + (1/6 - (-413)/u)?
7
Let y(k) = -k**3 - 25*k**2 - 8*k - 62. Let r = -68 - -43. What is the remainder when y(r) is divided by 35?
33
Let k(q) = 12*q - 1. Let f be k(9). Let u = f - 54. What is the remainder when u is divided by 14?
11
Let f = -15 + 39. Calculate the remainder when f is divided by 13.
11
Suppose 5*a + 2*r - 8 = -0*r, -r - 5 = -2*a. Let f be 5 + 1 + (-6)/a. What is the remainder when 36 is divided by (95/15)/(f/9)?
17
Let n(s) = -7*s - 3. Let y = -21 + 16. What is the remainder when n(y) is divided by 9?
5
Let k be (45/6)/(-3*1)*-2. Suppose -5*p = h - p - 7, 5*p + k = 0. What is the remainder when 41 is divided by h?
8
Let l be (-9)/((-36)/(-8))*-124. Suppose -6*y = -l + 8. Let v = y + -24. What is the remainder when 58 is divided by v?
10
Suppose -150 = 4*o + 2*o. Let p = 27 + o. Calculate the remainder when 26 is divided by p/((-2)/(-7) - 0).
5
Let o = 960 + -914. Calculate the remainder when 505 is divided by o.
45
Suppose -54*u = -31*u - 529. Calculate the remainder when 101 is divided by u.
9
Let b = -95 + 101. Let d = -8 + 17. Suppose -5*f - d = -b*f. Calculate the remainder when f is divided by 5.
4
Let g = -104 + 159. What is the remainder when 490/3 - (-2)/3 is divided by g?
54
Let b(p) = p**3 - 6*p**2 + 3*p - 3. What is the remainder when (-5 + 4)*6 + 28 is divided by b(6)?
7
Suppose 8*k - 1079 = 433. Calculate the remainder when k is divided by 61.
6
Let a(l) = -3*l**2 - 10*l + 28. Suppose x - 27 = -2*x. What is the remainder when x is divided by a(-5)?
0
Let o = 396 - 220. Suppose 0 = 15*z - o - 94. What is the remainder when 26 is divided by z?
8
Suppose -5 = d, 2*r - 3*d - 30 = -r. Let z(p) = 4*p. Calculate the remainder when (-7)/((-63)/228)*(-6)/(-4) is divided by z(r).
18
Let y = -29 + 29. Suppose b = -5*z + 290, y = 3*z - 6*z + 3*b + 192. Calculate the remainder when z is divided by 20.
19
Let w(y) = y**3 + 11*y**2 - 10*y - 27. What is the remainder when w(-10) is divided by 32?
13
Suppose 2*k = 35 + 17. Let y(w) = w**2 + 10*w - 17. Let d(l) = 3*l - 3. Let r be d(-3). What is the remainder when k is divided by y(r)?
5
Suppose -3*p - 3 = 0, 2*p = 2*c - 0*p + 34. Let l = 5 - c. Let d = -9 - -14. What is the remainder when l is divided by d?
3
Calculate the remainder when -1*(-6)/(-39) + 2303/13 is divided by 56.
9
Let d(u) = -8*u - 21. Calculate the remainder when (-2 - 317/(-15)) + 2/(-15) is divided by d(-4).
8
What is the remainder when 2802 is divided by 5/2*(0 + 22)?
52
Suppose 59*i = 66*i - 3297. What is the remainder when i is divided by 96?
87
Let s(n) = n**3 - 13*n**2 - 28*n - 26. Let a be s(15). Let t(y) = 2*y + 12. Let j = -18 - -73. Calculate the remainder when j is divided by t(a).
15
Calculate the remainder when 78 is divided by (-259)/74*16/(-14).
2
Let f = -962 + 982. Suppose -5*c = 20, 5*k - 7*c - 805 = -2*c. What is the remainder when k is divided by f?
17
Let x(d) be the second derivative of d**3 - 7*d**2 + 10*d. Calculate the remainder when 16 is divided by x(4).
6
What is the remainder when (-27420)/175*-7 + 8/(-10) is divided by 100?
96
Suppose -3*i + 33 = 4*r - 8*i, r + i - 6 = 0. Let n = 72 + r. What is the remainder when n is divided by 21?
16
Let o(c) = c + 21. What is the remainder when o(6) is divided by 3?
0
Let y = 28 + -4. Calculate the remainder when y is divided by ((-16)/(-24))/(2/27).
6
Suppose 4*h = 2*h + 144. Let b(j) = -34*j - 179. What is the remainder when h is divided by b(-6)?
22
Suppose -55*m + 4606 = 39*m. Suppose 0*z + 5*z - 50 = 0. Calculate the remainder when m is divided by z.
9
Suppose -2*c = -5*i - 0*c + 60, 2*c = 10. What is the remainder when i is divided by 9?
5
Suppose -24*w - 648 = -36*w. What is the remainder when 192 is divided by w?
30
Let z = -13 + 17. Suppose -z*b + 132 = -196. Calculate the remainder when b is divided by 28.
26
Suppose j = 6*j - 535. Suppose -8*y + 7*y + 27 = 0. Calculate the remainder when j is divided by y.
26
Suppose 3*h + 17 = 2. Let b = h + 6. What is the remainder when 33/12*4/b is divided by 6?
5
Suppose 144 = -0*d - 8*d. Let q = d + 20. Calculate the remainder when 6 is divided by q.
0
Let z = 613 - 565. What is the remainder when z is divided by 5?
3
What is the remainder when ((-59)/(-236))/(2/6504) is divided by 68?
65
Suppose -61*o + 0*o + 4026 = 0. Calculate the remainder when o is divided by 36.
30
What is the remainder when 20 is divided by (-1 - 15/10)/((-15)/108)?
2
Suppose -70 - 170 = -15*k. What is the remainder when k is divided by 5?
1
Let p = 214 + -211. Calculate the remainder when 15 is divided by p.
0
Let b(c) = c**3 - 5*c**2 + 4*c + 2. Let h be b(4). Suppose -3*q - h*q = 3*j - 138, -3*q + 5*j = -110. What is the remainder when q is divided by -4 + 2 + 10*1?
6
Let u = -25 - -35. Let a(f) = 2*f - 15. Let v be a(u). Suppose 9 = -z - v*x + 30, 3*z - x - 79 = 0. Calculate the remainder when z is divided by 14.
12
Suppose 2*r = -u - 38 + 145, -2*u = 3*r - 158. Let c = -9 + r. Suppose 2*z = -2*q + z + 52, -4*q = -2*z - 96. What is the remainder when c is divided by q?
22
Let z(v) = -v**3 + 7*v**2 - 5*v - 8. Let y be (9/(-3))/((-6)/(-2)). Let o be (-8)/(-2) + (-1)/y. Calculate the remainder when z(o) is divided by 9.
8
Let v = 150 - -340. Calculate the remainder when v is divided by 130.
100
Let b(p) = 19*p**2. Suppose -118 + 48 = -5*k. Suppose -3*a + k = -7. What is the remainder when b(1) is divided by a?
5
Let i = 227 + -215. Calculate the remainder when 1304 is divided by i.
8
Suppose 4*o + 108 = -4*x, 2*x - 4*o = x - 17. Let q = x - -28. Suppose 5 + 7 = q*y. What is the remainder when y is divided by 3?
1
Suppose 4*u + 83 + 25 = 0. What is the remainder when 6/u - (-218)/9 is divided by ((-4)/(-8))/(4/(-416)*-4)?
11
Suppose 6*d + 207 = 9*d. Calculate the remainder when d is divided by 24.
21
Suppose -484 = 16*d - 1284. Calculate the remainder when d is divided by 24.
2
Let t(z) = -z**2 + 15*z + 9. Let l(i) = 5*i + 3. What is the remainder when t(11) is divided by l(3)?
17
Let s be (-4 + 6)/1 + 20. Let r = -2 + s. Calculate the remainder when 75 is divided by r.
15
Let x = -261 - -365. What is the remainder when x is divided by 11?
5
Let x(c) = c**3 + 8*c**2 - 4*c - 4. Let q be x(-8). Let n = 49 - q. What is the remainder when 61 is divided by n?
19
Let u = -536 - -876. Suppose u = 4*b - 108. Calculate the remainder when b is divided by 23.
20
Suppose 8*p + 92 = 31*p. Let l = 12 - 5. What is the remainder when l is divided by p?
3
Suppose 4*y = 8*y + k - 830, -3*y + 630 = -3*k. Calculate the remainder when y is divided by 21.
19
Let a = -12 + 16. Suppose -a*p + 71 = -0*p + w, 3*w = 2*p - 25. What is the remainder when 49 is divided by p?
15
Suppose -5*k + 1402 = -2*s, 0 = -99*k + 104*k + 2*s - 1398. What is the remainder when k is divided by 102?
76
Let l(p) = -p**3 + 9*p**2 - 3*p + 6. Calculate the remainder when l(7) is divided by 43.
40
Suppose -5*l + 254 = -236. Let k = -68 + l. Suppose 0 = -c + 4*g + 118, -3*c + 2*c = -3*g - 118. What is the remainder when c is divided by k?
28
Let u = -60 + 98. Suppose 5*d = -0*d + 50. What is the remainder when u is divided by d?
8
Let c = 21 - 47. Suppose -13 = -2*f + f. What is the remainder when f is divided by (20/(-6))/(c/39)?
3
Let m(r) = 13*r**2 - 11*r + 20. What is the remainder when 66 is divided by m(2)?
16
Let b be (-69)/(-1) + (-6 - -7)